
42a3
In base 2, what is -10010010100111111101 - -1?
-10010010100111111100
In base 12, what is -3649b4 - 7?
-3649bb
In base 13, what is -23045 + -6a?
-230b2
In base 6, what is 550140353 + 5?
550140402
In base 10, what is 0 - -6797930?
6797930
In base 12, what is 19a15 + -84?
19951
In base 4, what is -3301031033 + -212?
-3301031311
In base 12, what is -117025 - 3b?
-117064
In base 14, what is 0 - c3242a6?
-c3242a6
In base 6, what is 1 - -23034005?
23034010
In base 2, what is -101000111001001 - 10010110000111?
-111011101010000
In base 3, what is -11 + 12010222201002210?
12010222201002122
In base 2, what is 11001000 + -1010110011?
-111101011
In base 15, what is 6be9 - -161?
6d5a
In base 14, what is -224dcc7 + -8?
-224dcd1
In base 2, what is -10101111011110010 + -10001?
-10101111100000011
In base 6, what is 10431313 + -13251?
10414022
In base 13, what is -3a + 120a91?
120a54
In base 11, what is 482 + -13036?
-12664
In base 9, what is 3487 - 6614?
-3116
In base 5, what is 31034131 + 31431?
31121112
In base 6, what is 1 - -35533551402?
35533551403
In base 5, what is -40014403040 - 10?
-40014403100
In base 14, what is -1336 + -34218?
-35550
In base 4, what is 110131102 + 1102?
110132210
In base 2, what is 10011111010111000001111 - 101?
10011111010111000001010
In base 9, what is -118556850 + 4?
-118556845
In base 11, what is -9a5 + -1043a?
-11334
In base 2, what is -1001000111 - 101010000?
-1110010111
In base 13, what is 3cc4 - -66a?
4661
In base 5, what is 1314012004 + -14?
1314011440
In base 11, what is -2243 + -10053?
-12296
In base 7, what is 1 - -110400331?
110400332
In base 9, what is 174 - -7884?
8168
In base 13, what is -b7 - -6b6a5?
6b5bb
In base 12, what is 15ab0 + 163?
16053
In base 4, what is 30202113201 - 10?
30202113131
In base 8, what is 11573715 + 32?
11573747
In base 9, what is 158854 - 464?
158380
In base 8, what is -65631 - -344?
-65265
In base 10, what is -65132029 - -6?
-65132023
In base 9, what is -4 + -3066073?
-3066077
In base 11, what is 5 + -1260aa21?
-1260aa17
In base 10, what is 16 - -4354966?
4354982
In base 5, what is 11010121402 + 1?
11010121403
In base 11, what is -1 - -1989213?
1989212
In base 5, what is -103020303032 + -10?
-103020303042
In base 14, what is 1b + 1961c?
19639
In base 15, what is 16 - 215952?
-21593b
In base 12, what is -29976 + 4593?
-253a3
In base 12, what is -37 - -b42b1?
b4276
In base 10, what is -3 + -1318041?
-1318044
In base 9, what is 2 - -41346014?
41346016
In base 14, what is -194b9 + -1c52?
-1b32b
In base 13, what is -c2247 + -89?
-c2303
In base 6, what is -2 - 4305413?
-4305415
In base 9, what is -2303034 + 21?
-2303013
In base 7, what is 5116013 - -63?
5116106
In base 8, what is 2 + 3425126?
3425130
In base 16, what is -241 + 6ca?
489
In base 10, what is -7 - -1795354?
1795347
In base 16, what is -150994 - 4?
-150998
In base 14, what is -2390 - -10468?
c0b8
In base 16, what is d5 - 1eedc?
-1ee07
In base 6, what is -13223233 - -20455?
-13202334
In base 11, what is -5 - -2624478?
2624473
In base 10, what is 3 + 1428797?
1428800
In base 16, what is 45837 + e?
45845
In base 8, what is 14740635 - -25?
14740662
In base 16, what is eac - 172?
d3a
In base 5, what is -3200443 + -101?
-3201044
In base 10, what is -3 - -167822?
167819
In base 11, what is 4207 + 1aa?
4406
In base 6, what is 432454350 - 42?
432454304
In base 16, what is -a7a73a - -8?
-a7a732
In base 2, what is 1110110101000010011 - -1111000?
1110110101010001011
In base 15, what is -595d + -24d4?
-7e42
In base 14, what is 4 - 4b9c348?
-4b9c344
In base 3, what is -12110200002011211 + -2?
-12110200002011220
In base 3, what is 100021200201 - 1010211?
100020112220
In base 14, what is 511700 + 15?
511715
In base 6, what is -4521501113 + -10?
-4521501123
In base 5, what is 232 + 110231030?
110231312
In base 2, what is -10101110 - -1000110001010101011001?
1000110001010010101011
In base 6, what is 105421 + 12334?
122155
In base 16, what is 1df - 3980e?
-3962f
In base 14, what is 5 - c4b72?
-c4b6b
In base 2, what is -1101011110110100 + 11011110011?
-1101000011000001
In base 12, what is 1 + 8052486?
8052487
In base 9, what is -1388 + 666?
-622
In base 6, what is -12545 - -15253?
2304
In base 10, what is -76252 + -33?
-76285
In base 5, what is -24231424213 + -3?
-24231424221
In base 11, what is -1 + 112010?
11200a
In base 5, what is -22144444412 - -141?
-22144444221
In base 16, what is 7 - 2850000?
-284fff9
In base 4, what is 13333221 + -13230031?
103130
In base 16, what is -16d4df5 + -18?
-16d4e0d
In base 8, what is -333 - -5552463?
5552130
In base 9, what is 3613168 + 4?
3613173
In base 13, what is 669 - 16c75?
-16609
In base 9, what is -16877 - 2128?
-20116
In base 14, what is 149668a + -1?
1496689
In base 10, what is 11 + 191011067?
191011078
In base 10, what is -78 + -29533?
-29611
In base 7, what is -5 - -1162202646?
1162202641
In base 3, what is -1122021202000110 - 0?
-1122021202000110
In base 3, what is -1221112100200001 - 11?
-1221112100200012
In base 11, what is 23954487 + -5?
23954482
In base 15, what is 14e946b - 5?
14e9466
In base 11, what is 12934a + 429?
129778
In base 4, what is 1123 - 30102330111?
-30102322322
In base 10, what is 56046 + 3563?
59609
In base 2, what is -1101 - -110000100011000010011?
110000100011000000110
In base 15, what is 679dcb8 + 1?
679dcb9
In base 7, what is -3000 + 31102?
25102
In base 6, what is 4100452 - 3?
4100445
In base 15, what is -14c7 - -a44?
-983
In base 4, what is 11 - -202211130?
202211201
In base 6, what is -142215 - 1252?
-143511
In base 3, what is -120112112222 + -11?
-120112120010
In base 12, what is -1b71600 - 0?
-1b71600
In base 13, what is -353 - 7218?
-756b
In base 14, what is -6 - -b89c9?
b89c3
In base 4, what is -11330 + -113133211?
-113211201
In base 6, what is 1530 - 22112332?
-22110402
In base 6, what is 223 - 5535525?
-5535302
In base 9, what is 7406 + 15714?
24221
In base 16, what is -4626 + aae?
-3b78
In base 10, what is -185 - -164417?
164232
In base 13, what is 16 - 89275c1?
-89275a8
In base 10, what is -389 + 1168959?
1168570
In base 12, what is -6a2 + -1530?
-2012
In base 8, what is 763214 + 25?
763241
In base 5, what is 210441 + -14132?
141304
In base 11, what is 3 + 654443?
654446
In base 9, what is -5134006 - 27?
-5134034
In base 8, what is -100767102 - -13?
-100767067
In base 10, what is 30676 + 182?
30858
In base 8, what is -2 - 1235740220?
-1235740222
In base 5, what is -20 - 24100141330?
-24100141400
In base 15, what is 17 + -1433?
-141b
In base 15, what is -1c1b1 - -7a6?
-1b90a
In base 13, what is -15208b + -50?
-15210b
In base 6, what is -14142 - 122504?
-141050
In base 8, what is -54 - -51724427?
51724353
In base 5, what is 1002431432 - -4?
1002431441
In base 7, what is 465026355 + 26?
465026414
In base 12, what is -1199 + 8066?
6a89
In base 9, what is 0 - 210622624?
-210622624
In base 15, what is 4 + a88573?
a88577
In base 10, what is 3829896 + -108?
3829788
In base 9, what is 114454821 - 5?
114454815
In base 6, what is -34144542 - 14?
-34145000
In base 12, what is -3 - 161230b4?
-161230b7
In base 8, what is -2 - 20741245?
-20741247
In base 11, what is 37572651 + 1?
37572652
In base 14, what is 1a9c + -4016?
-2358
In base 8, what is -47717357 + 10?
-47717347
In base 9, what is 5176367 - 22?
5176345
In base 4, what is -212113132133 + 0?
-212113132133
In base 4, what is 101 - -1100000?
1100101
In base 14, what is -5 - 119b125?
-119b12a
In base 16, what is fc3 - 476?
b4d
In base 7, what is -42233330 - -5?
-42233322
In base 16, what is 103 - -a55?
b58
In base 5, what is -22433 + -1400023?
-1423011
In base 5, what is -4134202 - -112?
-4134040
In base 16, what is -5e39 - 22a?
-6063
In base 2, what is -10 - 11101001100011001101?
-11101001100011001111
In base 6, what is -510 - 5441?
-10351
In base 9, what is 10435622 - 18?
10435603
In base 13, what is -175b4 - 0?
-175b4
In base 11, what is -3 + a078437?
a078434
In base 5, what is -304133214 - -2222?
-304130442
In base 4, what is 11000222202 - -10?
11000222212
In base 13, what is -8a9738 + 3?
-8a9735
In base 2, what is -110100001 + 1011110010111110?
1011101100011101
In base 2, what is 11 - 101001101011011111010?
-101001101011011110111
In base 2, what is 100110001011100 - -110000?
100110010001100
In base 16, what is -1902c